e greatest common divisor of 5805 and 2451.
129
What is the greatest common divisor of 4901 and 29?
29
What is the highest common divisor of 11222 and 1810?
362
Calculate the greatest common divisor of 70 and 20.
10
Calculate the highest common divisor of 4 and 692.
4
Calculate the greatest common factor of 3 and 210.
3
What is the greatest common divisor of 2640 and 20?
20
Calculate the highest common factor of 5542 and 51.
17
What is the greatest common divisor of 345 and 759?
69
Calculate the highest common divisor of 319 and 116.
29
What is the highest common divisor of 2205 and 135?
45
Calculate the highest common divisor of 299 and 104.
13
What is the greatest common divisor of 582 and 6?
6
Calculate the greatest common factor of 363 and 6413.
121
Calculate the highest common factor of 1612 and 260.
52
Calculate the greatest common divisor of 4 and 11.
1
What is the highest common factor of 117 and 182?
13
Calculate the highest common factor of 4462 and 776.
194
Calculate the greatest common divisor of 76 and 332.
4
What is the highest common divisor of 776 and 97?
97
Calculate the highest common factor of 340 and 935.
85
What is the greatest common factor of 56 and 77?
7
What is the greatest common factor of 39 and 1677?
39
What is the greatest common factor of 441 and 98?
49
Calculate the greatest common divisor of 44964 and 72.
36
Calculate the highest common divisor of 667 and 115.
23
What is the highest common factor of 118 and 2891?
59
Calculate the greatest common divisor of 29886 and 204.
102
Calculate the greatest common factor of 571 and 1.
1
What is the highest common factor of 274 and 959?
137
Calculate the highest common divisor of 99 and 27.
9
What is the highest common divisor of 31 and 58776?
31
Calculate the highest common factor of 126 and 657.
9
Calculate the highest common divisor of 353 and 1.
1
Calculate the greatest common divisor of 2745 and 15.
15
Calculate the highest common factor of 31 and 1271.
31
Calculate the greatest common divisor of 896 and 168.
56
Calculate the highest common divisor of 194 and 6790.
194
Calculate the highest common divisor of 50 and 90.
10
Calculate the highest common factor of 22 and 363.
11
What is the greatest common factor of 2431 and 442?
221
Calculate the highest common factor of 6 and 2715.
3
Calculate the highest common divisor of 243 and 63.
9
What is the highest common factor of 95 and 5?
5
What is the highest common factor of 123 and 15?
3
What is the greatest common divisor of 450 and 32100?
150
What is the highest common divisor of 9 and 176?
1
Calculate the greatest common factor of 1630 and 652.
326
What is the highest common factor of 371 and 7?
7
Calculate the greatest common factor of 480 and 4260.
60
What is the greatest common divisor of 1312 and 32?
32
What is the highest common divisor of 135 and 180?
45
Calculate the highest common factor of 276 and 288.
12
Calculate the highest common factor of 1188 and 220.
44
What is the highest common divisor of 363 and 6?
3
Calculate the highest common divisor of 78 and 90.
6
What is the greatest common divisor of 418 and 57?
19
Calculate the greatest common divisor of 2 and 106.
2
Calculate the highest common divisor of 192 and 54.
6
What is the greatest common factor of 25 and 50?
25
Calculate the greatest common factor of 900 and 144.
36
Calculate the highest common factor of 12 and 84.
12
Calculate the highest common factor of 100 and 3350.
50
What is the highest common divisor of 96 and 2912?
32
Calculate the greatest common factor of 143 and 154.
11
What is the greatest common factor of 153 and 357?
51
What is the greatest common factor of 220 and 385?
55
What is the highest common factor of 90 and 20?
10
Calculate the highest common factor of 365 and 2.
1
Calculate the highest common divisor of 112 and 70.
14
What is the highest common divisor of 693 and 891?
99
What is the greatest common divisor of 43 and 688?
43
Calculate the highest common divisor of 86 and 344.
86
Calculate the highest common divisor of 68 and 15572.
68
What is the highest common divisor of 3611 and 23?
23
What is the greatest common factor of 21 and 1?
1
What is the highest common divisor of 2387 and 2821?
217
What is the highest common factor of 2 and 736?
2
Calculate the greatest common divisor of 928 and 1769.
29
What is the greatest common factor of 198 and 12?
6
What is the highest common factor of 666 and 814?
74
Calculate the greatest common divisor of 130 and 530.
10
What is the highest common divisor of 12 and 588?
12
What is the greatest common divisor of 714 and 210?
42
What is the greatest common factor of 44046 and 18?
18
Calculate the greatest common divisor of 23872 and 64.
64
What is the highest common factor of 11 and 341?
11
What is the greatest common factor of 500 and 140?
20
Calculate the highest common divisor of 2294 and 1054.
62
Calculate the greatest common divisor of 77 and 121.
11
Calculate the highest common factor of 48 and 16.
16
What is the highest common divisor of 312 and 120?
24
What is the highest common factor of 12 and 12?
12
Calculate the highest common factor of 30818 and 38.
38
What is the highest common factor of 1850 and 200?
50
Calculate the highest common factor of 750 and 1200.
150
Calculate the greatest common factor of 20 and 7500.
20
Calculate the greatest common divisor of 9 and 1116.
9
What is the greatest common factor of 93 and 2697?
93
What is the highest common divisor of 780 and 48?
12
Calculate the greatest common divisor of 10 and 130.
10
What is the highest common factor of 1323 and 945?
189
What is the highest common factor of 126 and 1350?
18
Calculate the greatest common divisor of 14 and 46.
2
What is the highest common factor of 75 and 115?
5
Calculate the highest common divisor of 21 and 222.
3
Calculate the highest common factor of 870 and 270.
30
What is the greatest common divisor of 66 and 3234?
66
Calculate the greatest common divisor of 108 and 1152.
36
Calculate the highest common factor of 180 and 220.
20
Calculate the greatest common divisor of 46848 and 244.
244
Calculate the highest common divisor of 16409 and 538.
269
What is the greatest common factor of 8 and 1024?
8
Calculate the highest common factor of 2130 and 20.
10
Calculate the highest common divisor of 8 and 1556.
4
What is the greatest common factor of 310 and 20?
10
Calculate the highest common factor of 172 and 473.
43
What is the greatest common divisor of 216 and 3672?
216
What is the greatest common divisor of 145 and 145?
145
What is the highest common factor of 66 and 462?
66
Calculate the highest common factor of 568 and 14342.
142
What is the greatest common factor of 140 and 70?
70
Calculate the highest common factor of 20942 and 283.
283
Calculate the highest common factor of 1007 and 38.
19
What is the highest common divisor of 20188 and 196?
196
Calculate the greatest common divisor of 528 and 462.
66
Calculate the highest common factor of 150 and 1650.
150
Calculate the greatest common divisor of 120 and 160.
40
Calculate the greatest common factor of 96 and 3072.
96
What is the greatest common factor of 31 and 403?
31
What is the greatest common divisor of 40 and 90?
10
Calculate the greatest common divisor of 36999 and 9.
9
Calculate the greatest common divisor of 276 and 60.
12
Calculate the greatest common divisor of 39 and 39.
39
Calculate the greatest common divisor of 135 and 3105.
135
What is the highest common factor of 21 and 6?
3
What is the highest common factor of 15 and 1005?
15
What is the greatest common divisor of 273 and 1547?
91
Calculate the highest common factor of 280 and 84.
28
Calculate the highest common factor of 23 and 851.
23
What is the highest common divisor of 5625 and 15?
15
Calculate the highest common divisor of 30 and 22.
2
Calculate the highest common factor of 168 and 3885.
21
What is the greatest common factor of 32 and 16?
16
What is the greatest common divisor of 588 and 1092?
84
What is the highest common divisor of 95 and 817?
19
What is the highest common factor of 144 and 3672?
72
What is the highest common factor of 45 and 60?
15
What is the greatest common factor of 119 and 42?
7
What is the highest common divisor of 99 and 927?
9
What is the hig